11
Calculate 1 + -5 - -1 - -5.
2
Calculate -2 + (-4 + 5 - 2).
-3
Calculate -1 - (-2 - (10 - 5)).
6
What is the value of (-1 - 3) + -1 - (10 - 18)?
3
What is -1 + (0 - -1) - 4?
-4
Calculate 26 + -17 - 16 - (-14 - 1).
8
-11 - 1 - (-18 - (5 - 16))
-5
What is -11 + 9 - (0 - 0)?
-2
-1 - 2 - (-2 - (-1 - 1))
-3
What is -5 + (8 - 4) + 7 - -1?
7
What is 3 + 1 - (2 + 2 - 5)?
5
Evaluate -1 - 5 - (-14 - -7).
1
Calculate -1 + -4 - (24 - 29).
0
What is 8 - 1 - (4 + 0)?
3
What is -4 - 0 - (-84 + 85)?
-5
What is the value of (0 - 7) + 12 + -10?
-5
What is 3 + 3 + -4 - (6 - 0)?
-4
What is 7 + 1 + -4 - 7 - -4?
1
What is (-1 + 0 - -1) + (0 - -4)?
4
Evaluate (-14 - -20) + -9 + 0.
-3
What is (4 - -10) + -4 - 4?
6
-7 + 0 + 4 + 5
2
Calculate 0 - 0 - (-25 + 20).
5
Evaluate -7 + (4 - 2 - -11) + -6.
0
What is 4 + -7 + 24 + -24?
-3
Calculate 0 + 5 + 5 + -6.
4
Evaluate (0 - (-4 + 3)) + 0.
1
What is (-13 - (-2 - 8)) + -1?
-4
(-3 - (-8 - -3)) + -3
-1
What is -34 + 35 + (-7 - (-1 + 0))?
-5
(5 + 0 - 5) + -3
-3
Evaluate (-2 - 3) + 3 + 4 + -7.
-5
What is (-4 + -4 + 10 - 10) + 4?
-4
What is the value of 4 - (1 + (9 - 5))?
-1
Evaluate -6 + (0 - (-2 + (1 - 1))).
-4
What is the value of 1 - 0 - (6 - 2) - -1?
-2
Calculate 2 - ((4 - 2) + -1 + 3).
-2
Evaluate (2 - -5 - -2) + -7.
2
What is the value of -9 - -1 - ((15 - 34) + 15)?
-4
-5 + -1 + (-5 - -2 - -7)
-2
(-20 - -10) + 19 + 0
9
What is the value of (-2 - -1 - (1 - 4)) + 0?
2
What is the value of 1 + (3 - (4 + 5))?
-5
What is the value of -10 + 2 + -3 + 7?
-4
What is 1 - (-7 - 0 - (-32 + 29))?
5
What is the value of 1 + -2 + -6 + 10?
3
What is -3 + (1 - -2) + (-6 - -3)?
-3
(19 - 18) + (1 - (0 + 0))
2
Calculate ((1 - 4) + 3 - -9) + -4.
5
Calculate 15 - 12 - (4 + 0 + -3).
2
What is (-2 - (-3 + 0)) + 0?
1
What is (30 - 32) + 0 + 8?
6
Evaluate -6 + (0 - -1) + 14 + -14.
-5
What is 9 + -16 + 2 + 11?
6
What is the value of -1 - (10 - (5 - 6 - -6))?
-6
Evaluate (1 - 5) + (2 - 0) + -1.
-3
What is the value of -7 - (-20 - (-12 + 6))?
7
What is (13 - 10) + -10 - -8?
1
Evaluate (-1 - 3) + -5 + (-2 - -5).
-6
Evaluate 1 - -4 - 1 - 9.
-5
What is the value of 112 + -116 + 0 + -2?
-6
What is -30 + 27 - (-4 + 2)?
-1
9 + -12 + 8 + (1 - 9)
-3
What is 2 - -7 - 7 - -1?
3
What is 9 + -11 + (-2 - 1)?
-5
Evaluate -4 + -7 + 5 - -2.
-4
(1 - 5) + 6 + -3 + 4
3
What is the value of -4 + 3 - 1 - (-3 + 0)?
1
What is the value of 3 + (0 - (-2 - -4)) - 1?
0
-12 + (-16 - -10 - -14)
-4
Calculate -3 + 6 + -3 + 6.
6
What is the value of -7 - (-5 + 0 + -6) - -3?
7
-8 + 8 + (3 - 6)
-3
-1 + 1 - (-7 - (-11 + 0))
-4
What is (-4 - -7 - 11) + 4?
-4
(9 - (-8 - -10)) + -5
2
Evaluate (4 - 0) + (4 - 4).
4
-18 + (25 - 10) - (1 + 0)
-4
-3 + (-4 - 1) + 4
-4
Evaluate -17 + 17 - (1 - 1) - -2.
2
4 - (5 - -3) - -5
1
What is the value of 12 - (-1 + 4 - -6)?
3
(-11 - -16) + -10 - (-2 + 0)
-3
What is (1 - (5 - 0)) + 3?
-1
(-1 - 4 - 1) + 3
-3
Calculate (3 - 7) + -2 + -1 - -1.
-6
What is (1 + -8 - -6) + (2 - -2)?
3
-5 - 0 - (18 - 19)
-4
Calculate 6 + -5 - (-2 - 0).
3
Evaluate -5 + -5 + 4 + 5.
-1
What is 2 + 4 + -2 + 0?
4
What is -3 + 3 - (1 - 1)?
0
Evaluate 7 + 6 + -4 + -4.
5
What is the value of (1 - -2) + (26 - 19) + -11?
-1
What is the value of (1 - 1) + 2 + 1?
3
What is 1 - (1 + (4 - 3)) - 3?
-4
What is the value of (-2 - 0 - 1) + -209 + 217?
5
(35 - 26) + (0 - 13)
-4
Evaluate -3 - 1 - (-21 - -22).
-5
Calculate -4 - (4 + -2 + -5 - 1).
0
Evaluate -7 + (17 - -1) + -5.
6
Evaluate (2 - 4) + (-4 - -3).
-3
Calculate (-11 - -14) + (3 - 2 - 9).
-5
Calculate (7 + -37 - -17) + (9 - 1).
-5
Evaluate -1 - (-5 + (-4 - (0 + -5))).
3
Calculate -19 + 23 - (2 + 3).
-1
What is 0 + 8 - (-3 + 3 - -2)?
6
What is (8 - 1) + (-2 - 0)?
5
Evaluate 3 + (-8 - (-3 + 2)) + 6.
2
What is 5 - (2 + 5 + 2)?
-4
(-5 - -6) + -1 + -2 + 2
0
Evaluate 0 + (-4 - -1 - (-3 + -3)).
3
(4 + -3 - -1) + (14 - 11)
5
Calculate -5 - (3 + -2 + -16).
10
-9 + 16 + -4 + 0
3
What is -4 - -1 - ((-2 - -2) + 0)?
-3
-11 + (2 - 8 - -23)
6
What is -2 + (9 - (1 + 0)) + -3?
3
What is the value of 8 - 1 - (-18 + 23) - -4?
6
Calculate (0 - 5) + 3 + 2 - 2.
-2
What is 21 - 10 - (7 + 0)?
4
6 - (3 + (0 - -3) - 7)
7
Evaluate -1 + -1 + (-16 - -13).
-5
Evaluate 1 + -1 + (2 - 4).
-2
Evaluate -3 + 5 + -11 + 6 + -1.
-4
Calculate -21 + 22 + (5 + -8 - -4).
2
What is the value of -2 + 7 + 0 - 2?
3
What is the value of (-7 - (-6 - (-1 + -3))) + 2?
-3
What is the value of -6 + 3 - 0 - (0 - -1)?
-4
Calculate (2 - 16 - -11) + 2.
-1
What is the value of (1 - 2) + 9 - (4 + -1)?
5
Calculate (30 - 25) + -2 + 1 + -2.
2
-1 + (9 - 6) + -3
-1
Evaluate 0 + -1 + (-5 - (-7 - 2)).
3
What is the value of (-1 - 2) + (-81 - -79)?
-5
Calculate (2 - 9) + 2 + 4.
-1
What is the value of (1 - -5) + (-7 - -6)?
5
What is the value of 4 - ((-1 - 1) + (-1 - -2))?
5
What is the value of (3 - (1 + 5 + -2)) + -3?
-4
What is the value of -2 - (-5 - -4) - -5?
4
What is 0 - (0 - 1 - 4) - 1?
4
What is (3 - 7) + -1 + 3 - -3?
1
1 + (9 + -14 - -8)
4
What is the value of 7 + (-1 - 2) + (1 - 1)?
4
Calculate -3 - (7 + -7) - (10 + -14).
1
What is -2 - (1 + -3) - (-7 - -2)?
5
What is the value of -3 + (2 - (-3 - -5))?
-3
Calculate -5 + 9 - (-1 - 0).
5
Evaluate 1 + -4 - (19 - 3 - 10).
-9
What is (-10 - (-16 + 8)) + -1?
-3
What is (1 - 2) + (-1 - 2)?
-4
-11 - ((8 - -2) + -19)
-2
Calculate -1 + -2 + 1 - (0 + 2).
-4
Calculate -4 + 11 + -4 + (2 - 6).
-1
What is (2 - -2) + -2 + 4 + -5?
1
What is the value of -5 + -3 + -5 + 8 - -5?
0
What is (3 - ((-5 - 0) + 5)) + 4?
7
What is the value of (0 - 2 - 4) + -2 + 3?
-5
Calculate 4 - (-12 + 6 + 11).
-1
What is the value of 57 - 60 - (8 - 3)?
-8
What is 9 + 5 + -14 + -4 + 0?
-4
What is 7 - ((5 - 11) + 9)?
4
What is the value of 0 + 2 + (13 - 12)?
3
Evaluate 4 - (-3 - (-3 - (1 + -1))).
4
6 - (-3 + 6 + 7)
-4
Evaluate 6 + 1 + -8 + 7.
6
What is 6 + (11 - 29) + 0 + 6?
-6
Calculate 7 + 0 - 11 - (2 - 5).
-1
Calculate -1 - 6 - -6 - (-5 + -2).
6
What is 9 + -2 - (-2 + (6 - 5))?
8
Calculate (-5 - -7) + -7 + 7.
2
Evaluate -14 + 9 - 4 - -2.
-7
Evaluate -12 - (-3 + (-5 - -1)).
-5
Calculate -4 + 2 - 4 - (-1 - 1).
-4
What is the value of -14 + (-17 - -14) + 24?
7
0 - (-2 - 1) - (2 - -3)
-2
-4 + 2 - 0 - -7
5
What is the value of 5 + -7 + (3 - 5)?
-4
What is -3 + -9 + 5 + 3?
-4
Calculate (0 - (0 + 6)) + 1 + 9.
4
(2 - 7) + -6 + 7
-4
What is -1 + (-3 - (-4 - 0 - -4))?
-4
Evaluate 0 - (-1 - 4) - 0.
5
What is (1 - 1) + (-17 - -15)?
-2
What is 7 - ((-48 - -50) + 3 + -1)?
3
What is the value of -2 + 7 + -3 + -5 + 0?
-3
Calculate 15 + -4 - (6 - 4).
9
Calculate (0 - -3 - 4) + 3.
2
Calculate (10 - 1) + -4 - 3.
2
What is the value of 1 + -4 + -2 - 1?
-6
What is -1 - (-5 - (4 - (7 - 3)))?
4
3 + (5 - (3 - 1 - -8))
-2
Calculate -2 + (4 - -1 - 8) - -3.
-2
Calculate 3 - -1 - (3 - 1).
2
Evaluate 1 - 5 - -5 - 4.
-3
Evaluate -8 - (4 + -7 + 8 + -5).
-8
What is the value of (-5 - (-4 - -7) - -3) + -4?
-9
What is the value of 3 + 0 - (-8 + (2 - 1))?
10
Evaluate (2 + -2 - 3) + 6.
3
Evaluate 6 + -5 - 4 - (1 + -2).
-2
Calculate 2 - -1 - 8 - 0.
-5
What is 0 + 4 + 6 + (5 - 13)?
2
What is 4 - (0 + -3 + 16 + -14)?
5
7 - (5 - (-6 + 4))
0
What is the value of 6 + (19 - 20) + (0 - 1)?
4
What is (-1 - 0) + (4 - (3 - 1))?
1
What is 3 - (25 + -21 + (-3 - -1))?
1
Calculate -9 - (-4 - (6 + -10)) - -1.
-8
What is the value of (11 - (-2 + 4)) + -6 + -9?
-6
Evaluate 0 - -3 - (-5 - -9).
-1
Evaluate -10 + (20 - 3) - 9.
-2
What is the value of 22 + -10 - 8 - 0?
4
Calculate -5 + (-10 - -4) + 11 + 4.
4
What is the value of 8 + 0 - (36 + -27)?
-1
Calculate 4 + 7 + -1 + -5.
5
Evaluate 1 + (4 - (8 - (-2 - 2))).
-7
What is the value of -19 + 10 + -6 - -9?
-6
Calculate (2 - -10 - 5 - 5) + -8.
-6
Calculate 3 - (-1 + -2 - (-6 + 3)).
3
1 + -5 + 5 - (2 - 1)
0
What is the value of 5 + (2 - (-4 + 6))?
5
Calculate 4 + 1 + -8 + 17 + -9.
5
5 - ((9 - 1) + 14 + -18)
1
What is the value of -1 + 2 - -3 - (2 - 3)?
5
-5 - (4 - 8 - -3)
-4
(3 - (6 - 5)) + 1 + 1
4
0 - (1 + (-6 - 0))
5
What is 7 + -12 + (-1 - -5)?
-1
What is the value of 6 - (-4 - (3 - 11))?
2
Calculate 1 + 2 + -17 + 10.
-4
-13 - (8 + -9 + -5 - 2)
-5
What is the value of -1 - (-9 - (-2 + -2))?
4
Evaluate -8 + -8 + 17 + -8 + 1.
-6
What is -1 + (2 + -1 - (-3 - -6))?
-3
(-5 + 6 - (-2 + 4)) + -1
-2
Evaluate -10 + 7 + (0 - -1) + -1.
-3
What is 1 + -1 - (27 + -22)?
-5
Calculate 2 + (1 - (6 